ime?
True
Is 117601027 a composite number?
False
Is 4680697 prime?
False
Is 52159823 a composite number?
False
Is 5133785 prime?
False
Is 12841021 prime?
True
Is 1015253 prime?
False
Is 210387193 composite?
True
Is 722287 prime?
True
Is 28329541 composite?
False
Is 167011367 a composite number?
False
Is 66940901 a prime number?
True
Is 23741153 a prime number?
False
Is 26472289 a prime number?
True
Is 4406627 composite?
False
Is 6511751 prime?
True
Is 616658087 prime?
True
Is 3661331 composite?
True
Is 1461511 prime?
True
Is 108350599 a composite number?
True
Is 71157 composite?
True
Is 10779603 a composite number?
True
Is 93538513 composite?
False
Is 591953 a composite number?
True
Is 75151 composite?
True
Is 58564573 prime?
True
Is 38431 a prime number?
True
Is 3684907 a prime number?
False
Is 3610063 a composite number?
True
Is 6022697 composite?
True
Is 417938107 a composite number?
True
Is 1501777 prime?
True
Is 181409 a prime number?
True
Is 243671 composite?
False
Is 246086931 a prime number?
False
Is 1593711247 a composite number?
False
Is 15160609 a composite number?
True
Is 34822265 a composite number?
True
Is 769323029 prime?
True
Is 10717681 a composite number?
True
Is 14041871 a composite number?
False
Is 150876091 composite?
False
Is 197858747 a prime number?
True
Is 19643609 a composite number?
False
Is 1366273 prime?
False
Is 1977947 composite?
True
Is 17051887 prime?
True
Is 23871709 a composite number?
True
Is 324211513 a prime number?
True
Is 896465741 a prime number?
True
Is 2762803 prime?
True
Is 3340327 a prime number?
True
Is 3800201 a prime number?
True
Is 18341843 composite?
True
Is 10106539 composite?
False
Is 122716355 a composite number?
True
Is 8448247 composite?
True
Is 679941907 a prime number?
True
Is 12252083 composite?
False
Is 234684097 composite?
True
Is 890623 prime?
False
Is 254321 composite?
True
Is 21211097 prime?
False
Is 482539 a composite number?
False
Is 15813619 a composite number?
True
Is 362989 composite?
True
Is 51681719 a prime number?
True
Is 14092783 a prime number?
True
Is 198553 a prime number?
True
Is 4012409 prime?
False
Is 20536001 a composite number?
True
Is 79794382 prime?
False
Is 1147173 a prime number?
False
Is 6918577 composite?
False
Is 50917 prime?
False
Is 2274863 a prime number?
False
Is 5365631 composite?
False
Is 586627 a prime number?
True
Is 113669021 a composite number?
True
Is 139132897 a composite number?
True
Is 63808721 prime?
False
Is 91637489 prime?
False
Is 34431599 prime?
True
Is 7324181 composite?
True
Is 222391 composite?
True
Is 46478153 a composite number?
True
Is 31436869 a prime number?
False
Is 3849439 prime?
False
Is 5228633 a prime number?
True
Is 120482389 a composite number?
True
Is 25165799 composite?
False
Is 14984581 composite?
False
Is 714341 a composite number?
False
Is 123731635 prime?
False
Is 6293939 prime?
True
Is 115867489 composite?
False
Is 7551149 a prime number?
True
Is 1274921 prime?
True
Is 4630427 composite?
True
Is 61637669 a prime number?
True
Is 856737941 a composite number?
True
Is 401687921 a composite number?
False
Is 7529591 prime?
False
Is 40306339 composite?
False
Is 991313 composite?
False
Is 37476677 a composite number?
True
Is 67028851 prime?
False
Is 198352397 prime?
True
Is 4230049 a composite number?
True
Is 1267217 prime?
False
Is 21368843 a composite number?
False
Is 690839 composite?
False
Is 42372349 prime?
True
Is 46409861 a prime number?
True
Is 34423217 a composite number?
False
Is 1532906 a prime number?
False
Is 154047617 a prime number?
True
Is 3761831 composite?
False
Is 945635 a composite number?
True
Is 14484359 composite?
True
Is 264669949 composite?
True
Is 204260119 prime?
False
Is 63557777 composite?
False
Is 15782693 a prime number?
False
Is 1852559 a prime number?
True
Is 10458515 prime?
False
Is 38598629 prime?
True
Is 1679814247 prime?
True
Is 4816949 a composite number?
False
Is 1590751 a composite number?
True
Is 911353 a prime number?
False
Is 43594547 a composite number?
True
Is 1466099 a composite number?
False
Is 18248647 prime?
True
Is 18014179 prime?
False
Is 13142905 a composite number?
True
Is 7548031 a composite number?
False
Is 3639817 a composite number?
False
Is 4041847 composite?
False
Is 125834873 a prime number?
False
Is 1632979 prime?
True
Is 26097107 a prime number?
False
Is 2182387 prime?
True
Is 1803019 prime?
False
Is 8210903 prime?
False
Is 38351387 prime?
True
Is 598399 prime?
True
Is 686761 a composite number?
False
Is 1424765389 a prime number?
False
Is 246361711 composite?
True
Is 3827699 a composite number?
True
Is 3537233 composite?
True
Is 2581427 a prime number?
False
Is 53867549 a prime number?
False
Is 3054793 a composite number?
True
Is 102083302 prime?
False
Is 75806281 a prime number?
False
Is 407619687 prime?
False
Is 25130731 prime?
False
Is 28204673 a prime number?
False
Is 34071299 a composite number?
True
Is 3340021 a composite number?
False
Is 1206454 a prime number?
False
Is 612958 prime?
False
Is 13742887 a prime number?
True
Is 12511547 prime?
False
Is 120822719 a prime number?
True
Is 2517941 a prime number?
True
Is 1898141 prime?
False
Is 60251197 a prime number?
False
Is 515505443 a prime number?
True
Is 109662239 a prime number?
True
Is 3456503 a prime number?
False
Is 14409662 prime?
False
Is 13799 a prime number?
True
Is 39915587 prime?
True
Is 2203513 a prime number?
False
Is 119973251 a composite number?
True
Is 1185749 a composite number?
False
Is 6675493 a composite number?
True
Is 7534073 a prime number?
False
Is 9587393 prime?
True
Is 8442221 prime?
True
Is 295126469 a composite number?
True
Is 1694260677 a prime number?
False
Is 3759911 composite?
True
Is 1409673 prime?
False
Is 1298377 a composite number?
True
Is 808111 composite?
False
Is 28748261 a composite number?
False
Is 43155719 composite?
False
Is 1869563 a prime number?
True
Is 64291099 a prime number?
True
Is 12364537 prime?
True
Is 20943821 prime?
True
Is 46178039 a prime number?
False
Is 33690721 a composite number?
True
Is 332530871 composite?
False
Is 333083 prime?
False
Is 46073 a prime number?
True
Is 224388883 a prime number?
True
Is 721228747 composite?
True
Is 31991053 prime?
True
Is 4457801 a composite number?
False
Is 2765407 a prime number?
False
Is 26898373 prime?
True
Is 144041423 prime?
True
Is 2804033 a prime number?
False
Is 2793173 prime?
True
Is 88221311 prime?
False
Is 31274381 a composite number?
True
Is 12667937 a composite number?
False
Is 249189143 composite?
True
Is 5506882 prime?
False
Is 227647321 composite?
True
Is 4518869833 prime?
True
Is 726986069 a composite number?
False
Is 37735585 a composite number?
True
Is 91231269 a composite number?
True
Is 405176757 a composite number?
True
Is 24131047 a prime number?
True
Is 35462563 composite?
True
Is 12261503 prime?
True
Is 18291367 prime?
False
Is 1517699 a prime number?
True
Is 34255711 composite?
True
Is 4907969 composite?
True
Is 484597193 a prime number?
False
Is 11644933 prime?
False
Is 195388621 a prime number?
True
Is 2476361 a prime number?
False
Is 2005121 composite?
False
Is 82085227 composite?
True
Is 53822957 a composite number?
False
Is 2602453 a composite number?
True
Is 253903 composite?
True
Is 7405679 a prime number?
True
Is 10016737 composite?
False
Is 1434707 composite?
False
Is 4704821 a composite number?
True
Is 41159 composite?
True
Is 437939 composite?
True
Is 781021 a prime number?
True
Is 618113 prime?
False
Is 355996853 a composite number?
True
Is 651477137 composite?
False
Is 246334541 a composite number?
True
Is 108295445 a composite number?
True
Is 1065892667 composite?
True
Is 12288413 prime?
True
Is 149711 composite?
False
Is 3106577 prime?
True
Is 26554763 prime?
True
Is 34847933 a composite number?
True
Is 122352551 a composite number?
False
Is 8580469 a prime number?
True
Is 1352258477 composite?
False
Is 708353 composite?
False
Is 429454607 a prime number?
True
Is 113804587 prime?
False
Is 31319483 a prime number?
False
Is 18923743 a prime number?
True
Is 34559897 composite?
False
Is 40343 composite?
False
Is 239704033 a prime number?
False
Is 331940753 composite?
True
Is 644157391 a composite number?
True
Is 3979379 composite?
True
Is 103178739 composite?
True
Is 30755